base 8) in base 4?
-2213230111
-211234224 (base 5) to base 13
-24c2c1
What is -102210010201111 (base 3) in base 4?
-113320302103
Convert -284534 (base 11) to base 15.
-8bd9b
-28c9c4 (base 15) to base 4
-13200011323
Convert -9b34c3 (base 13) to base 15.
-4c5609
Convert 120012020021020 (base 3) to base 7.
125430051
What is -2a556 (base 11) in base 6?
-532134
What is 31443 (base 9) in base 5?
1131100
Convert 458a57 (base 13) to base 16.
1922d3
-1528567 (base 9) to base 13
-238171
-624123 (base 7) to base 9
-172800
Convert 99578 (base 10) to base 3.
12001121002
-11113201122 (base 4) to base 6
-50054110
Convert -111000100011101110 (base 2) to base 6.
-4544302
-10330120001 (base 4) to base 6
-43435225
460634 (base 16) to base 6
242205512
43b937 (base 12) to base 13
2b9801
What is 30663 (base 13) in base 10?
86778
What is 28099 (base 15) in base 11?
88512
What is 7714 (base 9) in base 4?
1120303
What is b1c4c0 (base 13) in base 3?
21210022222121
-2812586 (base 9) to base 8
-5707140
Convert 1005bcc (base 13) to base 4.
102131212031
What is -13ae10 (base 15) in base 8?
-3473705
12031133111 (base 4) to base 16
18d7d5
What is 52717420 (base 8) in base 10?
11247376
Convert 1154d5a (base 14) to base 2.
11111100011110010010100
What is e087 (base 16) in base 11?
3a204
1aa6046 (base 12) to base 14
a82538
Convert 3708a7 (base 12) to base 16.
d9fff
2b8086 (base 14) to base 4
11303022212
51543250 (base 6) to base 10
1491150
75493 (base 11) to base 8
326240
14543445 (base 6) to base 14
d455b
What is -789b (base 16) in base 8?
-74233
What is -13115336 (base 7) in base 12?
-49906b
What is 3853a4 (base 11) in base 14?
11b509
-22102200020112 (base 3) to base 16
-44613b
Convert 2dcdd4 (base 16) to base 14.
581d52
What is 2014813 (base 11) in base 14?
68ac05
What is -a5926 (base 14) in base 13?
-10cbc6
What is -5a0673 (base 12) in base 2?
-101100010100110110111
-20021112211200 (base 3) to base 12
-114b339
What is -32013121 (base 4) in base 11?
-3a491
-566302 (base 7) to base 14
-28972
-11010101101100110101 (base 2) to base 12
-362671
Convert 631675 (base 9) to base 10.
375260
What is -4da0a0 (base 16) in base 4?
-103122002200
What is 1136554 (base 8) in base 12?
12b924
-1b1a0 (base 15) to base 13
-3115b
5271506 (base 8) to base 14
28843c
Convert -11100101100101110 (base 2) to base 14.
-30ba6
What is -113591 (base 13) in base 8?
-1433560
Convert -305ac (base 15) to base 3.
-21210002200
What is 22311033203 (base 4) in base 13?
7855bb
Convert -5341371 (base 8) to base 5.
-331114134
3431234 (base 5) to base 14
1856c
-2537252 (base 11) to base 6
-234203124
Convert 7336701 (base 11) to base 5.
11302434322
-67c8 (base 16) to base 2
-110011111001000
Convert 2432052 (base 7) to base 16.
4bcb4
6663614 (base 7) to base 4
3020303030
-490344 (base 11) to base 6
-24350212
Convert 213010103 (base 4) to base 7.
1234346
Convert 4398 (base 15) to base 2.
11011111101110
-b0417 (base 12) to base 6
-4522431
Convert -105793 (base 11) to base 7.
-1301464
What is -177516 (base 15) in base 11?
-70842a
204142032 (base 5) to base 16
cf6ea
What is 1201010121 (base 4) in base 16?
61119
Convert 9ad669 (base 14) to base 16.
5048cd
Convert -289864 (base 10) to base 4.
-1012301020
What is -10002210201112 (base 3) in base 5?
-410241100
4012227 (base 8) to base 4
10001102113
What is 521021 (base 11) in base 12?
343897
What is 5c0179 (base 13) in base 9?
4122081
What is -23002231 (base 4) in base 3?
-2022001011
What is -13221546 (base 7) in base 12?
-4a7520
120330305 (base 7) to base 8
34375137
What is -671811 (base 9) in base 8?
-1420310
-527c7c (base 13) to base 7
-22262010
What is -10124242 (base 5) in base 10?
-83072
-1a38923 (base 11) to base 5
-1340002011
Convert -86d1 (base 14) to base 9.
-34871
What is 4514216 (base 7) in base 13?
1672a9
What is -402812 (base 14) in base 3?
-11001122201120
What is 423011444 (base 5) in base 12?
712343
Convert -277925 (base 11) to base 6.
-13153554
673232 (base 8) to base 3
102112100022
What is -20222112310 (base 4) in base 16?
-22a5b4
Convert -41116151 (base 8) to base 11.
-49a6581
What is 4312400 (base 5) in base 9?
120834
What is 10000101011110100100 (base 2) in base 12?
224484
What is 40965b (base 15) in base 14?
59c7a7
-22000101101020 (base 3) to base 5
-2042242334
-c26d (base 16) to base 3
-2112021110
2314423142 (base 5) to base 4
103331210122
-665726 (base 16) to base 13
-150aa39
Convert 7b945 (base 16) to base 2.
1111011100101000101
Convert -296273 (base 11) to base 9.
-773882
-2403a2 (base 11) to base 8
-1350325
What is -426215 (base 7) in base 12?
-36b32
What is -29509 (base 14) in base 15?
-20597
Convert -c7402 (base 13) to base 10.
-358789
-d7ab2 (base 16) to base 9
-1585681
Convert -224166 (base 8) to base 4.
-102201312
What is -2255436 (base 7) in base 11?
-183571
528a8 (base 15) to base 14
6b5c5
204239 (base 11) to base 13
b6216
Convert -2377242 (base 8) to base 9.
-1207448
What is 111011101001011010000 (base 2) in base 13?
535821
What is -101010101111001100111 (base 2) in base 14?
-286503
What is 273d6 (base 15) in base 13?
45312
Convert -63531 (base 9) to base 5.
-2320421
Convert 47ee6f (base 16) to base 10.
4714095
-2002232232 (base 4) to base 13
-159960
-5066275 (base 9) to base 15
-385535
What is -61066133 (base 7) in base 16?
-4d71f4
c385b (base 14) to base 5
110031443
-533531 (base 7) to base 12
-45672
-105513521 (base 6) to base 4
-13131001321
Convert -100100110110001101 (base 2) to base 9.
-250024
What is 34228a2 (base 12) in base 2?
100110001001010001111010
Convert 1121313133 (base 4) to base 11.
231612
Convert 5063499 (base 11) to base 3.
121211201102020
-da0a (base 15) to base 13
-17ccb
Convert -10100110010011100101 (base 2) to base 12.
-28a259
-865582 (base 9) to base 13
-150a73
Convert 156160 (base 8) to base 2.
1101110001110000
Convert -1105666 (base 7) to base 5.
-13332023
What is 24524223 (base 6) in base 12?
320673
Convert 23461 (base 10) to base 16.
5ba5
7cf043 (base 16) to base 4
133033001003
1105785 (base 10) to base 5
240341120
What is -97094 (base 10) in base 6?
-2025302
What is -41791 (base 11) in base 4?
-32312222
What is a578 (base 11) in base 12?
8128
What is 7bde3 (base 16) in base 2?
1111011110111100011
Convert -110221101210 (base 3) to base 15.
-5070c
What is -2101101 (base 3) in base 14?
-8c2
1033505231 (base 6) to base 16
a955b3
What is 4045b (base 13) in base 12?
56670
-3432324 (base 5) to base 16
-f095
What is 336472 (base 11) in base 2?
10000010110001001001
10186138 (base 9) to base 2
10010101100000010110100
What is 22021222201222 (base 3) in base 8?
20642742
Convert ae80d (base 16) to base 15.
e1bb0
What is 322100 (base 5) in base 10?
10900
28c8a (base 14) to base 3
12010220022
Convert -101670 (base 11) to base 12.
-7a529
What is 101002113 (base 4) in base 5?
4213113
What is -2d6588 (base 15) in base 9?
-4120542
113004304 (base 5) to base 14
d619a
-150111205 (base 6) to base 11
-181a614
What is -5361c (base 16) in base 3?
-122100111100
Convert -16c551c (base 13) to base 8.
-34207002
Convert 2200222202001 (base 3) to base 9.
2628661
-66825 (base 10) to base 15
-14c00
Convert -110010100011000101010001 (base 2) to base 6.
-1152002425
2b17049 (base 12) to base 2
100001010110010001111001
What is -55b (base 16) in base 12?
-963
What is -506dc1 (base 15) in base 7?
-44320462
Convert 1122011100202 (base 3) to base 16.
d436f
Convert -10222222021002 (base 3) to base 8.
-10066652
24a61 (base 12) to base 4
30023221
What is 35499 (base 11) in base 2?
1100011111100010
93685 (base 10) to base 6
2001421
What is -522c7d (base 16) in base 4?
-110202301331
What is -882bb (base 14) in base 15?
-67ae2
Convert 797bc (base 16) to base 2.
1111001011110111100
Convert 2016644 (base 10) to base 4.
13230112010
What is -8772 (base 9) in base 4?
-1211000
9d5d5 (base 14) to base 15
78558
-b02 (base 12) to base 11
-1212
What is -4ab38 (base 13) in base 2?
-100001101110001000
c678 (base 14) to base 9
51831
-443321 (base 7) to base 12
-3919b
-351342 (base 9) to base 14
-56c4a
Convert -25378a8 (base 11) to base 7.
-52264604
-10175603 (base 8) to base 15
-2ca6c9
-22013033 (base 5) to base 10
-188518
What is 10066140 (base 8) in base 6?
113313252
1134001 (base 8) to base 15
61969
-80a7 (base 14) to base 7
-121300
1221120002020 (base 3) to base 4